g(t) = 58*t**2 + 6*t + 11. What is the hundreds digit of g(-2)?
2
Let i = -31 - -51. Let c be (4/6)/(i/90). Suppose 0 = -c*b + 6*b - 117. What is the units digit of b?
9
Let r(h) be the second derivative of -h**3/6 + h**2/2 - 3*h. Let o(z) = 2*z**2 + 4*z - 1. Let d(n) = o(n) + 3*r(n). What is the units digit of d(-3)?
7
Suppose -10*o = -26*o + 2288. What is the tens digit of o?
4
Let n(u) = -u + 13. Let j be n(13). Suppose -5*t + g - 3*g + 15 = 0, 4*t + 3*g - 12 = j. What is the units digit of 18 + 3*(-3)/t?
5
Suppose -9 + 6 = 3*x. What is the hundreds digit of (-1 + 3)*(x - 210/(-4))?
1
Suppose v - 4*k + 8 = 0, 5*v - 12*k = -8*k - 24. What is the tens digit of ((-28)/24)/(v/6)*156?
7
Suppose -3*k - 14 = -3*j + 1, 27 = 5*j - 4*k. Suppose 12 = -2*g - 4*w, 2*w - 16 = 2*g + j*w. Suppose -g*n - 2*n + 96 = 0. What is the units digit of n?
4
Let y = -816 + 1177. What is the hundreds digit of y?
3
Suppose 2*r - 19 = -1. Suppose 7*n = r*n - 28. Let v = -1 + n. What is the units digit of v?
3
What is the units digit of (68/14)/(1/7)?
4
Suppose 5*u = 14 + 6. Suppose 0 = d - 3*h - 72, -77 = d - 2*d + u*h. What is the tens digit of d?
5
What is the hundreds digit of 3657/15 - (-3)/30*2?
2
Let b be 3 + (1 - 5) + -2 - -5. Let w be 2/(-5) - (-152)/5. Suppose 4*j - b*j + 4*o - w = 0, -4*o = 5*j - 57. What is the units digit of j?
9
Suppose -4*w - 524 = -2*d - 0*w, 0 = 5*d + 4*w - 1282. What is the hundreds digit of d?
2
Suppose 12*w = 15*w. Suppose w = -t - 5. What is the tens digit of (-4 - -1) + 58 + t?
5
Let c be 2/12 - (-1 - (-51)/(-18)). Suppose c*n + 364 = f + 3*f, -2*f - 5*n = -217. What is the units digit of f?
6
Let u = 283 - -4. Suppose -4*m - 4*o + 440 = 0, 153 + u = 4*m + o. What is the hundreds digit of m?
1
Let p(z) = -2*z - 6. Let g be p(-5). Suppose 5*u - 458 = 4*s, g*u - 350 = s - 6*s. What is the tens digit of u?
9
Suppose -3*r + 5*f - 28 = 38, 20 = -r + f. Let n = -14 - r. What is the units digit of (2/n + -1)*-63?
1
Suppose 2*q + 4*b - 1 = 5*q, q + 2*b = 13. Suppose 22 = 2*a - a + q*y, 3*a - 2*y = -2. What is the units digit of (a/4)/((-7)/(-84))?
6
Suppose -7*a + 7006 = -8289. What is the hundreds digit of a?
1
Let l(i) = i - 4. Let v be l(8). Let g(w) = 2*w**2 + 4*w + 5. Let y be g(v). Let k = -27 + y. What is the tens digit of k?
2
Let h = 14 - -61. Suppose h = -6*s + 1209. What is the tens digit of s?
8
Let d be (-78)/(-24) + -3 + 30/8. Suppose d*g + 74 = 5*g - 3*w, 4*g - 348 = -w. What is the units digit of g?
6
Suppose -16 = 3*h - 28. Suppose 172 = w + h*x, -598 = -2*w - 2*w + 2*x. What is the units digit of w?
2
Suppose 4*j = -i - 3 + 21, 0 = 5*j + 5*i - 30. Let b(t) = 2*t**3 + 4*t**2 - 6*t + 15. What is the tens digit of b(j)?
8
Let x = 2765 - 1622. What is the units digit of x?
3
What is the thousands digit of ((-16)/(-3))/((-18)/(-27)) - -2824?
2
Suppose 3*d + c = 295, -2*d + 3*c + 2 = -191. What is the units digit of d + (-1 + -3 - -1)?
5
Suppose 2*l = 5*b + 27, -4*l + 2*l = 2*b - 48. What is the tens digit of 9/l - 243/(-21)?
1
Let a(m) = 1 - 4*m**3 + m**3 + 0 + 0. Let u be a(1). What is the tens digit of (-72)/u*3/6?
1
Let r(s) = -61*s - 118. What is the hundreds digit of r(-5)?
1
Let b(f) = 59*f**2 + 5*f + 15. Let m be b(-5). Suppose -13*i + 3519 = m. What is the units digit of i?
8
Let u = 26 + -10. Suppose 2*f + 3*z + 16 = 90, -f + 3*z = -46. Suppose -u = -4*w + f. What is the units digit of w?
4
Let o be ((-8)/10)/(2/(-155)). Let z = 101 - o. What is the units digit of z?
9
Suppose -35906 = -11*t - 3412. What is the tens digit of t?
5
Let n(o) = 4*o**2 + 5*o + 5. Let h be n(-5). Suppose 0*s + 5*a = s - h, 3*a + 300 = 3*s. What is the hundreds digit of s?
1
Suppose u + u = j - 28, -3*u + 5*j - 35 = 0. Let i = 6 + u. What is the tens digit of ((-12)/i)/(3/45)?
2
Let z(j) = j**3 + 5*j**2 - 4*j - 5. Let r be z(-5). Suppose -r = i - 4*i. Suppose 4*u + 49 = i*u. What is the tens digit of u?
4
Let w(k) = -3*k - 13. Let j be w(-13). Suppose -c = u - 14, -4*c + u + j = -35. What is the units digit of 1 + (-5)/(c/(-69))?
4
Suppose 12*j = 11*j + 1378. What is the tens digit of j?
7
Let w be 4 - 1 - (51 + 1). What is the units digit of -3 + (-2 - (w + -1))?
5
Let o(g) = g**3 - 6*g**2 + g + 6. Let a be o(6). Suppose -123 = -a*n + 297. What is the units digit of n?
5
Let u(c) = -3*c + 5. Let x(n) = -46*n + 2. Let j be x(-1). Let m be -7*-1*j/(-28). What is the tens digit of u(m)?
4
Let j = 77 + -108. Let i = 80 + j. What is the tens digit of i?
4
Let s(r) = -3*r**3 - 5*r + 1. Let k = -54 + 51. What is the tens digit of s(k)?
9
Let i be 0/(9/3) - (-721 - 0). Suppose -8*x + 791 = -i. What is the tens digit of x?
8
Suppose -12264 = 1528*q - 1534*q. What is the thousands digit of q?
2
Suppose -2*h + 26*h = 3264. What is the units digit of h?
6
Let w(z) = z**3 + 8*z**2 - 12*z + 11. Let u be w(-9). Let t = 76 - u. Suppose -t = -4*m + 18. What is the tens digit of m?
1
Suppose -7*z = -4*z - 15. Suppose -9*s = -10*s - 5*q + 324, -12 = -3*q. Suppose 0*i + 4*c - 44 = -i, c + s = z*i. What is the tens digit of i?
6
Let h be 4/2*((-6)/(-4) - 1). Let o(f) = 55*f**2 + 2*f - 2. What is the units digit of o(h)?
5
Suppose -3*j = w + 8, 0 = -3*j + 7 - 19. Suppose -w*v + 112 = 4*v. Suppose 2*y - 134 = v. What is the units digit of y?
4
Let m(g) = -70 + 11*g + 70. What is the units digit of m(4)?
4
Suppose -8*s + 42 = 2. What is the units digit of 148 + -3*s/15?
7
Let n(c) = -c**3 - 4*c**2 + 17*c - 9. Let w be n(-9). Suppose 0 = 8*j - 11*j + w. What is the tens digit of j?
8
Suppose -5*p + 3061 + 1374 = 0. What is the tens digit of p?
8
Let q be 38/8 - (-30)/(-40). Suppose -5*z - 70 = 3*b - q*b, 4*b = -z + 217. What is the tens digit of b?
5
Let h = 28 + -29. What is the units digit of 46 - (3 + (-3 - h))?
5
Suppose -2 = r + 8. Let b = 18 + r. What is the tens digit of 138/4*b/12?
2
Suppose -5*s - 50 = -410. What is the tens digit of s?
7
Let u be (-14)/7*(-6)/4. Suppose o - 2 = p - 8, -u*p + 2*o = -15. What is the units digit of p?
3
Suppose 0 = -n + 4, 63*j + 4*n = 67*j - 18376. What is the hundreds digit of j?
5
Suppose f - 4 = -0. Suppose -161 = -2*p + o, -4*p + f*o + 85 = -243. Let l = p + -45. What is the tens digit of l?
3
Let u(z) = 20*z**2 - 8*z - 5. What is the hundreds digit of u(-10)?
0
Suppose 1939 = 3*o + 32*x - 37*x, -4*o + x + 2574 = 0. What is the hundreds digit of o?
6
Let j be 3/((-75)/84 - -1). Suppose 16 = f - j. Let k = f + -15. What is the tens digit of k?
2
What is the hundreds digit of (-20)/50 + ((-3684)/(-10) - 3)?
3
Let s(c) = -4*c**2 - 26*c - 57. Let h(l) = 5*l**2 + 27*l + 58. Let j(u) = 3*h(u) + 4*s(u). What is the tens digit of j(-18)?
3
Suppose -2*y - y = -o, -2*y - 1 = -o. Let w(t) = -5*t**o + 4*t**3 + 19*t - 39*t - 4*t**2 + 18*t + 4. What is the units digit of w(-3)?
1
Let x(m) = 2*m**2 + 31*m - 331. What is the hundreds digit of x(-37)?
2
Suppose 0 = -2*z - 2*a + 10, 3 = -2*z + 2*a + 5. Suppose -5*t - z*g + 57 = 0, -t - 2*g + 20 - 3 = 0. Suppose -5*k - t = -59. What is the tens digit of k?
1
Let o(x) = -x - 1. Let s be o(-6). Suppose -s*f + 2*r + 795 = 3*r, -5*f = 3*r - 785. What is the hundreds digit of f?
1
Let l(b) = -5*b**3 - 8*b**2 - 5*b + 5. Let d be l(-5). Let z = d - 289. What is the units digit of z?
6
Let c(y) = y**3 - 8*y**2 + 6*y + 6. Let g be c(6). Let h = -27 - g. Let r(o) = -o**2 + 3*o + 1. What is the units digit of r(h)?
1
Let x(d) = 6*d + 5. Suppose 8 = 4*i + 28. Let l(w) = -w**2 - 11*w - 10. Let a(g) = i*x(g) - 2*l(g). What is the units digit of a(6)?
9
Suppose 9 = -2*a + 15. What is the units digit of (-9)/a + (-20)/(-5)?
1
Suppose 58 = 2*v + 16. Suppose -2*l = -v - 35. What is the units digit of (l/8 - 0)*2?
7
Suppose 5*n - 668 = 872. What is the units digit of n?
8
Let h(q) = 57*q + 1. Let d be h(-2). Let b = 173 + d. What is the tens digit of b?
6
Let f be -1*3*(-139)/(-9)*3. Let g = f + 309. What is the tens digit of g?
7
Let o be (-4)/(-6)*(1 + 770). Suppose 0 = -0*i - 4*i + 2*k + o, 0 = -5*k - 5. What is the tens digit of i?
2
Suppose 0*t - 5*t = -2*w - 1433, -4*t + 2*w + 1148 = 0. What is the hundreds digit of t?
2
Suppose d = 23 - 7. Suppose 16 = -d*x + 17*x. Suppose 0 = -k + 60 - x. What is the tens digit of k?
4
Let l(s) = s**2 + 12*s + 27. Let o be l(-9). What is the units digit of 9 - 